 Let h be g(5). Let v be 14/(-4)*(-1280)/(-336)*-6. Calculate the greatest common factor of v and h.
80
Let f(w) = -53*w - 99. Suppose -15*d - 84 = 21. Let y be f(d). Calculate the highest common divisor of y and 17.
17
Let x be -10*4/(56/(-371)). Let v = -193 + x. What is the greatest common factor of v and 9?
9
Let j(f) = -f**3 - 9*f**2 - 22*f - 16. Suppose 5*v + 55 = -3*z, 2*z + 1 = 4*v + 23. Let x be j(v). What is the highest common factor of 32 and x?
32
Let m(u) = -u**2 + 2. Let a be 5/(-14 - -4)*-14. Suppose -a*i + 8*i = 0. Let f be m(i). What is the highest common divisor of 14 and f?
2
Suppose 10*d + 1279 = 4*z + 7*d, -4*z = 3*d - 1273. What is the greatest common divisor of z and 87?
29
Suppose -4 = -2*z, 5*x + 4*z + 1 = 14. Let k be (27 + -4 + -1)/x. What is the highest common factor of k and 22?
22
Suppose w - 974 = 5*r, -2*w - 7*r + 1892 = -3*r. Calculate the greatest common factor of w and 3657.
159
Suppose 1673 + 73 = -h + 33*h + 338. Let d = 7 - 4. Let f be ((-10)/d)/((-1)/33). Calculate the greatest common divisor of f and h.
22
Suppose 30*f + 31*f - 480 = 21*f. Suppose 3*z = -3*s + 278 - 104, 3*s - z = 190. Let b = s + -38. Calculate the highest common factor of f and b.
12
Let x(o) = 2*o**3 + 79*o**2 + 44*o + 225. Let r be x(-39). Calculate the greatest common divisor of r and 90.
30
Let d = -330 + 348. Suppose -5*w - d*g + 15*g + 1101 = 0, 5*g - 651 = -3*w. What is the highest common divisor of w and 12?
6
Let s(w) = -w**2 + 4*w + 3. Let h be s(0). Suppose -2*m + 356 = h*t, -6*m - 5*t = -3*m - 535. What is the greatest common factor of 140 and m?
35
Let k = 9 - 6. Suppose 103*y - 8*y + 13 = 1438. What is the highest common factor of y and k?
3
Suppose -3*c - 6 = l, 0 = 20*l - 21*l + 5*c + 42. What is the greatest common factor of 4728 and l?
12
Suppose -21 = -27*a + 24*a. Suppose -o + 127 = 2*x, -4*x + a = o - 248. Let c = 705 - 385. Calculate the highest common divisor of x and c.
64
Let v(c) = 18*c - 57. Let j be v(4). Calculate the highest common factor of 235 and j.
5
Let p = -2342 - -23234. Calculate the highest common factor of 12 and p.
12
Let r be ((-3)/(-3))/(2/110). Suppose -14 = 5*t - 84. Suppose -174 = -t*u + 134. Calculate the highest common factor of u and r.
11
Let t = 8219 + -8207. Calculate the greatest common factor of 222 and t.
6
Let u = 18 + -15. Suppose -6*s - 9 = u. Let b be 15 - 3*s/6. Calculate the highest common factor of 4 and b.
4
Let z = 3627 - 3598. Let i(n) = 2*n - 1. Let f be i(3). Let a = z - f. What is the greatest common divisor of a and 36?
12
Suppose 2*t = -p + 260, 116 = t + 2*p + 2*p. Suppose -4*g = -4*k - t, -3 = -2*g + g - 5*k. Calculate the highest common divisor of g and 21.
7
Let a be 4/(-6) + 80/(-24). Let q be 4*(1 + 0)/(a - -2). Let i be (-635 - 3)*q/8*2. Calculate the highest common factor of 29 and i.
29
Let z = -4158 - -7541. What is the highest common factor of 51 and z?
17
Let f(n) = 12*n - 1616. Let c be f(138). Suppose -r - 3*r = -32. What is the greatest common divisor of c and r?
8
Let m be 9 + (2 - (-1 + 2)). Let y be 328/104 + 2/(-13). Suppose -5*u - y*h + 356 = 0, 6*u - 4*h = u + 342. Calculate the highest common divisor of u and m.
10
Let q(v) = -v**3 + 25*v**2 - 48*v + 48. Let i be q(23). Suppose -5*c + 1006 = 2*w, w - i*c = -c + 517. What is the highest common factor of 57 and w?
57
Let h(g) = 3*g**2 + 2*g + 14. Let u(b) = -3*b**2 + b - 9. Let y be u(3). Let w = y + 38. Let l be h(w). Calculate the highest common factor of 66 and l.
33
Let a be (-12)/14*(-462)/9. Suppose a*l - 60 = 40*l. Calculate the highest common factor of l and 255.
15
Let r(v) = -53*v + 1. Let c be r(-5). Suppose -3343*h + 3399*h + 1076 = 2644. What is the highest common factor of h and c?
14
Suppose -k = 4*i + 81, -2*i + 4*k - 18 - 18 = 0. Let z be 26*i/(-16)*-6. Let l = -105 - z. Calculate the highest common factor of l and 30.
30
Let g be (-896)/(-18) - 266/(-1197). Calculate the greatest common divisor of g and 1520.
10
Suppose 4*a = a - 9, 5*h - 5*a - 60 = 0. Suppose -5 - 58 = -h*y. Calculate the greatest common divisor of y and 77.
7
Suppose -235*x + 242*x = 610 + 895. What is the highest common factor of 55 and x?
5
Suppose 0 = -0*w + 2*w + 3*g + 15, -3*g - 15 = 0. Suppose w = 5*n + 5*h - 310, -2*h = 3*n - 4*h - 176. Calculate the highest common factor of n and 90.
30
Suppose 9 = 2*o - 13. Suppose 0*i + i = 2*u - 9, 5*i - 5*u + 20 = 0. Let c be (i/3)/((-1)/(-3)). What is the highest common divisor of o and c?
1
Let z(p) = -p**2 - 262*p - 14357. Let g be z(-179). Calculate the highest common factor of g and 6100.
100
Let o = 330 + -328. Let g be -4 + o + 2 - -22. Calculate the greatest common factor of 209 and g.
11
Let j = 9 - -87. Let f be (11 - 35)*((-3)/6 + 0). What is the greatest common divisor of f and j?
12
Let b be (-9)/24 + 588/32 + (-7 - -2). What is the greatest common factor of 2197 and b?
13
Let v(q) = -q**3 - 131*q**2 + q + 200. Let z be v(0). Calculate the greatest common divisor of 1048 and z.
8
Let g be (-66)/3*1/(-2). Suppose 2*j = 3*k - 1, -3*k = -2*k - 3*j - 5. Let d be -5 + k*30/(-5). Calculate the greatest common divisor of g and d.
1
Let a = 66 + -17. Suppose 2*s = a + 91. Suppose -5*h = -2*w + s, -2*w - 126 = -5*w - 3*h. What is the greatest common divisor of 8 and w?
8
Let n(j) = -j**2 + 20*j + 26. Let x be n(11). Let c = x - -39. What is the greatest common factor of 41 and c?
41
Let b(g) = -g**2 + 24*g - 11. Let f be b(12). Let s be (3*-1)/(8/(-8)*27/171). What is the greatest common divisor of f and s?
19
Let q = 0 - -6. Let g be (-214)/963 - (-3550)/18. Suppose -l - g = -3*u, -4*u = -6*u - 4*l + 136. Calculate the greatest common factor of q and u.
6
Let s be 6 - (2 - (1 - 1)). Let q be ((-1)/2)/((-161)/42 - -4). Let b be 2/((-2)/q) + 41. Calculate the greatest common divisor of b and s.
4
Suppose h - 3*x - 213 = 0, 309*h = 306*h - 5*x + 709. What is the highest common divisor of 1748 and h?
76
Let z be ((-11)/2)/(26/(-4680)). What is the greatest common divisor of z and 1170?
90
Let n = 2514 + -2416. What is the highest common factor of n and 2009?
49
Suppose 2*f - 2*d - 40 = 0, 0*f - f - d + 16 = 0. What is the highest common factor of f and 246?
6
Let i = 7 - -8. Let w be ((-168)/6 - -4)/(3/46). Let d = -362 - w. What is the highest common factor of i and d?
3
Let r = 3408 - 3328. What is the highest common factor of 5440 and r?
80
Let j be 0 - 1 - (0 - 185). Suppose t - 6*t + 300 = 5*u, 4*t + 138 = 2*u. Suppose 6*n = u + 75. Calculate the greatest common divisor of n and j.
23
Suppose 0 = -166*l + 161*l + 4*n + 64, 5*l - 2*n = 52. What is the highest common divisor of 52 and l?
4
Let w(k) = -21*k + 35*k + k**2 + 103 - 58. Let q be w(-25). What is the greatest common divisor of 40 and q?
40
Let l = 9805 - 9747. Calculate the highest common factor of l and 11600.
58
Let l = -2235 + 3476. What is the highest common divisor of l and 17?
17
Suppose -30*z = -33*z - 2*s + 72, 0 = s - 6. What is the highest common factor of 56660 and z?
20
Suppose 31*h - 143434 = 458090. Calculate the highest common divisor of h and 504.
252
Let p = 257 - -148. Let m = p + -385. Calculate the greatest common factor of m and 95.
5
Suppose 19*f = 21*f - 3*p - 210, -2*p = -8. What is the highest common divisor of 3 and f?
3
Let o = 8163 + -8121. What is the highest common divisor of 574 and o?
14
Let z = -110 - -293. Let b = 228 - z. What is the greatest common factor of 435 and b?
15
Suppose -3*r = -r - 56. Let j(t) = t**3 - 111*t**2 + 224*t - 346. Let m be j(109). What is the greatest common divisor of r and m?
28
Let n(f) = -f**3 + 8*f**2 - 10*f - 3. Let c be n(5). Let h be (5 + 264/(-2) + 6)*-2. What is the greatest common factor of h and c?
22
Let p be 0/(-5*14/35). Suppose -4*l - 3*z + 36 = -p*l, 3*z + 6 = 3*l. What is the greatest common factor of 4 and l?
2
Suppose -20 = 71*m + 47*m - 2734. Suppose 284 = 4*k + 2*l, 0*l - 357 = -5*k - 3*l. Calculate the greatest common factor of k and m.
23
Let p = -22524 + 22664. Calculate the highest common divisor of 1510 and p.
10
Let j(x) = 3*x**2 - 5*x + 21. Let f be j(10). Suppose 2*d - 3*u - f = 0, -2*u + 318 = 4*d - 184. Calculate the greatest common factor of d and 8.
8
Let b = -179 - -433. Calculate the highest common divis